ctors of p.
211
Suppose 788 = 2*m - 4*q, 2*q = 5*m + 993 - 2947. What are the prime factors of m?
2, 3, 5, 13
Let y(j) = 66*j**2 - j - 62. List the prime factors of y(-5).
3, 59
Suppose 3*r + 12 = 0, s + r = -0*r + 27. List the prime factors of s.
31
Let n(x) = 2*x**3 - x**2 - 4*x + 2. Let z be n(2). Suppose 2*r + 0*r - 4 = -2*q, 3*r - z = -2*q. List the prime factors of r.
2
Let o be 25/(-3)*(-9)/5. Suppose -o = t - 4*t. Suppose 0 = 3*r - t*n - 212, -4*r = -5*n - 277 + 1. List the prime factors of r.
2
Suppose -x - 14 = -42. Suppose -3*q + q + x = -4*z, -3*q + z = -47. Suppose 2*p - q = 8. List the prime factors of p.
2, 3
Suppose -4*l - 3*k = 158, 5 - 109 = 3*l - 5*k. List the prime factors of (-40)/(-4)*l/(-5).
2, 19
Suppose -6 = -4*i - 10. Let a = i - -35. Let m = a - 12. What are the prime factors of m?
2, 11
Suppose 3*r - j = 563, 0 = -2*r - 5*j + 145 + 219. List the prime factors of r.
11, 17
Suppose 0 = 5*h + 500 - 3100. What are the prime factors of h?
2, 5, 13
Suppose -5*g + 1 + 4 = 0. Let l be (g - 0)/(11/649). Let b = l - -2. List the prime factors of b.
61
Suppose 12 = 5*o - 8. Suppose h - 5*u = 43, h - o*u - 4 - 36 = 0. Suppose 0 = -3*r - j + 40, 0 = -2*r - r + 2*j + h. List the prime factors of r.
2, 3
Let p = -544 + 1557. What are the prime factors of p?
1013
Let g(c) = -c**3 + 29*c**2 - 35*c + 43. List the prime factors of g(25).
2, 3, 139
Let a(n) = n**2 + 9*n. Let u be a(-9). Suppose i + 3*i - 20 = 4*m, u = -4*i - 5*m + 20. Suppose -109 = -i*c + 86. What are the prime factors of c?
3, 13
Let v(i) = -14*i - 1. Let o(z) = -71*z - 6. Let k(s) = 2*o(s) - 11*v(s). Let r be k(-1). List the prime factors of (-1080)/(-78) - 2/r.
2, 7
Let a(g) = g**3 + 13*g**2 - 25*g + 4. Let y be a(-11). Suppose -5*v - 121 = -y. List the prime factors of v.
2, 5
Let n = -453 + 1034. Suppose -4*b + 2*b - 4*j = -218, -5*b = -2*j - n. List the prime factors of b.
5, 23
Let l be (-14)/1 - (-3 + 0). Let a = l - -22. List the prime factors of a.
11
Let d = -85 - -857. What are the prime factors of d?
2, 193
Suppose 34 = u - 2*d, -3 - 1 = d. List the prime factors of (-156)/6*(u/(-4) - 0).
13
Suppose q = 5 - 4. Let k be 2 + 3 - (q + 1). Suppose -20 = -7*m + k*m. What are the prime factors of m?
5
Suppose 0 = -3*g - 2*t + 3, 0*t - 18 = -2*g + 4*t. What are the prime factors of -3 - (1 + g*-29)?
83
Suppose 55 + 269 = 4*o. Suppose 2*z - q = 51 + 60, -3*q - 278 = -5*z. Let f = o - z. List the prime factors of f.
2, 13
Let j(t) = 3*t**2 + 27*t - 27. Let f be j(-14). Let m = f - 115. What are the prime factors of m?
2, 17
Suppose -m + 3990 = -2*k, 35*m + 8015 = 37*m + 3*k. What are the prime factors of m?
2, 5
Let f(o) = 10 + o**2 + 11 - 15 + o**2 - o**3 + 8*o. Let k be f(4). Suppose 2*b = -k, -2*b - 73 = -2*w - b. What are the prime factors of w?
5, 7
Let z(p) = 2*p**3 - p**2 + 3*p - 4. Let j be z(2). Let h(w) = w**3 - 13*w**2 - 11*w - 14. What are the prime factors of h(j)?
2, 7
Suppose -27 + 2 = -5*w. Suppose b + w = 8. Suppose -170 = -5*t - 5*i, -b*t - 2*i = -6*i - 109. List the prime factors of t.
5, 7
Let a(c) = -6*c. Let s be a(-3). Let g = 32 - s. Suppose 5*z = u - 48, -u - g = -2*z - 50. List the prime factors of u.
2, 7
Suppose -7436 - 34916 = -16*l. What are the prime factors of l?
2647
Let w(u) = u**3 - 8*u**2 + 8*u + 52. List the prime factors of w(13).
7, 11, 13
Let u = 68 + 127. List the prime factors of u.
3, 5, 13
Suppose 3*b = 36 - 6. Let l(v) = -v**3 + 9*v**2 + 11*v - 10. Let x be l(b). Suppose -5*o - 10 = 5, -5*h - 5*o = x. List the prime factors of h.
3
Suppose -3*r + 2*k + 0*k = -694, 3*k - 12 = 0. What are the prime factors of r/2 - 0/10?
3, 13
What are the prime factors of 1718/1*((-195)/(-30) - 6)?
859
List the prime factors of 6 + 694/(-6)*-21.
5, 487
Let g(s) = s**3 - 7*s**2 + 4. Let h be g(7). Suppose -5*n - 5*q = 0, h*n - q + 2*q = 0. Suppose 0 = -n*y + 5*y - 180. List the prime factors of y.
2, 3
Let k(m) = -45*m - 858. What are the prime factors of k(-53)?
3, 509
Suppose -3*f + 9 = 0, 4*f - 24 = l + 3*l. List the prime factors of 111 - (l + 18/3 + -3).
3, 37
List the prime factors of 10/(-45) - (51140/(-45))/2.
2, 71
Suppose 8 = -5*z + z, 5*q = 3*z + 6. Suppose -2*h = 5*x - 10*x - 333, 3*h - x - 480 = q. List the prime factors of h.
3, 53
Let d(g) = 5*g**2 - 9*g + 6. Let r be d(7). Suppose -2*j - 2*j = -r. What are the prime factors of j?
47
Suppose -u = 5*j - 0*j - 4215, -5*u - 25 = 0. What are the prime factors of j?
2, 211
Suppose 190 + 152 = 6*c. Suppose 0*o + o - c = 4*h, 2*h - 39 = -o. What are the prime factors of o?
3, 5
Let j be 3 - 1/(-2 + 3). Suppose -p - 72 - 5 = -z, 385 = 5*z - j*p. List the prime factors of z.
7, 11
Let r(v) = -120*v - 125. List the prime factors of r(-5).
5, 19
Suppose 7 = 4*k - 45. Let b = 19 - k. What are the prime factors of b?
2, 3
Let q be (-3 + -1)/((-5)/(-220)). Let b = -81 - q. What are the prime factors of b?
5, 19
Suppose -5*g + 1573 + 1617 = 0. What are the prime factors of g?
2, 11, 29
Let d = -4818 - -7189. What are the prime factors of d?
2371
Suppose -5*l = -4*u - 56729, 2*u + 2*l + 28332 = -2*l. List the prime factors of u/(-80) + (-2)/10.
3, 59
Suppose -5*j + 4*z + 3 = -283, -3*j + 3*z + 171 = 0. Let i = -120 + 84. Let h = j + i. What are the prime factors of h?
2, 11
Let s be ((-4)/(-8))/(1/(-238)). Let u = s - -66. Let t = u - -103. What are the prime factors of t?
2, 5
Suppose 5*l + 3*f = 408 + 2059, -4*f = -2*l + 966. List the prime factors of l.
491
Let n = -138 + 342. Let o = 317 - n. What are the prime factors of o?
113
Suppose -2*f = -j + 1128, 5*j = 3*f - 2270 + 7889. What are the prime factors of j?
2, 3, 11, 17
Suppose 0 = 5*l + 2*s - 68, -5*s + 45 = 3*l - 11. Let v be 2/l - 29/(-6). Suppose -u - 2*i + v + 2 = 0, -3*u + i = -42. What are the prime factors of u?
13
Let i(v) = -3*v**2 - 1. Let f be i(-1). List the prime factors of -7*(7 + f + -4).
7
Let g(k) = 3*k**3 - 6*k**2. Let h(p) = 9*p**3 - 17*p**2 - p - 1. Let x(v) = 8*g(v) - 3*h(v). Let s be x(3). Let y = 62 + s. List the prime factors of y.
2, 5
Suppose 3*s + 6 = -4*n, -n - 8 = -3*s + 1. Suppose -2*h = 2*h - 2*z, 12 = -2*h - s*z. Let c = h + 7. What are the prime factors of c?
5
Suppose -63*a + 61*a = -5*p - 2825, 5614 = 4*a + 2*p. List the prime factors of a.
5, 281
Let n = -96 + 2. Let p = -141 - n. Let h = 92 + p. List the prime factors of h.
3, 5
Let m(d) be the third derivative of -1/120*d**6 - 5/12*d**4 + 11/6*d**3 + 0 - 9*d**2 - 3/20*d**5 + 0*d. What are the prime factors of m(-8)?
3
Let c(j) be the third derivative of j**5/60 + j**4/6 + j**3/3 - j**2. Let m be c(-4). Suppose q + 5*x - m = 0, 4*q - 8 = 3*q - 2*x. List the prime factors of q.
2, 3
Let w(p) = -7*p + 1. Let x be w(1). Let j(u) = -3*u + 21. List the prime factors of j(x).
3, 13
Let f = 4209 + -2403. List the prime factors of f.
2, 3, 7, 43
Let c = -264 + 271. Let z(v) = 5*v**2 - v**3 + 2*v - 4*v + 3*v**2. What are the prime factors of z(c)?
5, 7
Let h = -394 - -579. Let r = h + -93. What are the prime factors of r?
2, 23
Let h be (-166*3/9)/((-16)/24). Let r = h + -20. List the prime factors of r.
3, 7
Let f(c) = 3*c - 10 - 4*c + 2*c. Let p be f(9). List the prime factors of p + 1 - -1 - -36.
37
Suppose 0 = -3*l + 6*l - 972. Suppose 35*c + l = 38*c. What are the prime factors of c?
2, 3
Suppose -11 = -2*d - 3. Suppose 28 = -d*b + 116. Let x = b - -12. List the prime factors of x.
2, 17
Let z(u) = 7*u**3 - 2*u**2 - 11*u - 19. List the prime factors of z(5).
751
Suppose -3 = 4*h - 7*h, m = 5*h + 1. Suppose -m*o + 365 = -127. What are the prime factors of o?
2, 41
Let t(r) = 3*r**2 - 9*r - 9. Suppose -4*o + 4*s - 10 = 18, 3*o + 3*s + 15 = 0. What are the prime factors of t(o)?
3, 17
Let s = 4 + -6. Let q(w) be the second derivative of 13*w**4/12 + w**3/6 - w**2 - 40*w. List the prime factors of q(s).
2, 3
Suppose 4*n = -n. Let g = n - -3. What are the prime factors of g?
3
Let a(w) = w**2 - 3*w - 112. List the prime factors of a(-16).
2, 3
Let p(y) = 2*y**3 + 7*y**2 - 2*y + 3. What are the prime factors of p(5)?
2, 11, 19
Let u = 92 + -141. Let o be (-2)/7 + (-14)/u. Suppose 0*v + v - 40 = o. What are the prime factors of v?
2, 5
Let l be 39/((2/(-1))/(-2)). Let b = l - 57. List the prime factors of b/(-15)*35/2.
3, 7
Let c = -62 - -66. Suppose